68 = -3*z + 3*x. Suppose -3*n + 6 = -2*r, 7*n - 2*r = 3*n + 6. Suppose n = j - 43 + 11. What is the greatest common factor of j and z?
32
Suppose 26*q - 20 - 214 = 0. Calculate the highest common divisor of q and 81.
9
Let x(z) = z**3 - 56*z**2 + 105*z + 228. Let k be x(54). Calculate the greatest common factor of 121 and k.
11
Let d be (0/2)/(2 - 1). Let g(t) = -t - 7 - 24 + 58 + 6. Let i be g(d). Calculate the highest common divisor of 3 and i.
3
Let i = -89 - -75. Let b = i + 74. What is the greatest common divisor of b and 20?
20
Suppose 3*n + 73 = 109. What is the greatest common divisor of n and 84?
12
Let s be 4/(-6)*(4 - (-1473)/(-6)). What is the greatest common factor of 21 and s?
7
Let s = 5 - -1. Let m(c) be the first derivative of -4*c**4 - 2*c**3/3 - c**2 - c - 1. Let i be m(-1). Calculate the greatest common factor of i and s.
3
Let j(q) = 3*q + 20. Let g(y) = -2*y**2 - 6*y. Let f be g(-3). Let x be j(f). What is the greatest common factor of 80 and x?
20
Let s(a) = a**2 - 6*a + 10. Let i be s(7). Suppose 59*j + 356 = 62*j + z, 0 = 3*j - 5*z - 362. What is the highest common factor of j and i?
17
Suppose 25 = 2*g + 3*g, -37 = -z + 4*g. Let p be -19*(-5)/(-10)*(2 + -8). What is the greatest common divisor of p and z?
57
Let r be (-62)/(-6) - 1/3. Let i be ((-80)/6)/(17/(-102)). What is the greatest common factor of i and r?
10
Let o = -154 - -290. What is the greatest common divisor of o and 68?
68
Let z(t) be the second derivative of t**5/20 - t**4/3 + 100*t**2 + 23*t. Let v be z(0). Calculate the highest common factor of 25 and v.
25
Let a be (-2)/6 - (-244)/3. Suppose 6*q - 300 = -42. Suppose 4*g = -7 + q. Calculate the highest common factor of g and a.
9
Suppose -2*t - 83 = -33. Let r = 11 + t. Let g = r - -28. Calculate the greatest common divisor of g and 56.
14
Let p(b) = -6*b - 1. Let z be p(-2). Let j = -20 + z. Let k = 15 - j. Calculate the highest common divisor of 16 and k.
8
Suppose 619*b = 612*b + 28. What is the greatest common factor of b and 108?
4
Let a = -6 - -8. Suppose -2*z - a*r = 3*z - 958, 0 = z + 5*r - 210. Let c = z - 25. Calculate the highest common divisor of 15 and c.
15
Let v be (-2)/(-7) + 2*(-76)/(-56). What is the greatest common factor of v and 51?
3
Suppose -2*v - 2*m + 42 = 0, -17*v + 20*v = 4*m + 49. What is the greatest common factor of v and 1007?
19
Suppose -11*z = -32*z + 504. What is the highest common factor of 312 and z?
24
Let t be (-225)/(-30)*1*34. Calculate the greatest common divisor of t and 102.
51
Let v = 18 + -18. Suppose 7*u - 17 = 4*u - 2*c, v = u - 4*c - 1. Suppose -16 = -u*n - 6. What is the greatest common divisor of n and 18?
2
Let c be 1/((-33)/(-16) - 2). Let s = -12 + c. Suppose 0 = s*m - 2*k - 202, m + 2*m - 134 = -2*k. Calculate the greatest common factor of 12 and m.
12
Let w = -7 - -8. Let b be 13/(0 + (-1)/w). Let z = -7 - b. Calculate the greatest common factor of z and 3.
3
Let i = 60 - 108. Let z be -1 - -3 - i*1. Calculate the greatest common factor of 100 and z.
50
Let a = 762 - 711. Calculate the greatest common divisor of a and 1479.
51
Let i(r) = 6*r**2 - 7*r + 7*r**3 + 5*r**3 - 18*r**3 - 12 + 7*r**3. Let q be i(-6). What is the highest common factor of q and 10?
10
Suppose j + 4*t = -18, -2*j - 6 - 18 = -4*t. Let k(i) = -2 - 2*i - 2 + 2. Let n be k(j). Calculate the highest common factor of n and 13.
13
Suppose 0 = y + 9 - 8. Let c be 53 - (-1 - y/(-1)). Suppose -2*u - 110 = -5*g, 3*g - 2*u - 66 = -6*u. Calculate the greatest common divisor of c and g.
11
Let d be 0/1 + (5 - 1). Let h(p) = -p**3 + 15*p**2 + 15*p + 24. Let a be h(16). Calculate the highest common factor of d and a.
4
Suppose 3*z - 2*z = -0*z. Suppose -g = 4*q - 214, -2*g + 3*q = -z*g - 384. Suppose -7*p + 3*p + 88 = 0. What is the highest common factor of g and p?
22
Suppose 0 = w - 5*w + 12. Suppose -w*h = -136 + 34. What is the highest common factor of 34 and h?
34
Let z = -2 + 14. Suppose z*w - 72 = 8*w. Suppose -q - 2*u + 6 = 1, 2*q - 4*u = w. What is the greatest common factor of 35 and q?
7
Suppose 3*g = 2*j - 1403, -4*j - 5*g = -9*g - 2808. What is the highest common divisor of j and 19?
19
Suppose -7*w + 41*w - 1224 = 0. Calculate the greatest common factor of 117 and w.
9
Let i be 6/4 - 1/(-2). Let o(d) = -12*d + 17*d**3 - 9*d**3 - 9*d**3 + 2 - 11*d**2. Let l be o(-10). Calculate the greatest common divisor of l and i.
2
Suppose 0 = -2*o - 2*w + 240, -4*o + 477 + 6 = w. Let k be (1 - -1) + -11 + 1. Let v be (-2)/k + 129/12. Calculate the greatest common factor of v and o.
11
Suppose 0 = -3*h - n + 199, 0 = -2*h - h + 5*n + 193. Suppose h = 7*u - 74. Calculate the greatest common divisor of 16 and u.
4
Let k(m) = -2*m**2 + 11*m + 35. Let x be k(0). Calculate the highest common divisor of 385 and x.
35
Suppose -n + 59 = n + q, -2*q = -4*n + 98. Let k(p) = p**3 - 8*p**2 - 10*p - 10. Let a be k(11). What is the highest common divisor of n and a?
27
Let i = -133 + 133. Suppose i*w = 6*w - 324. Suppose 5*u = -15, u = -2*y + 6*y - 27. What is the greatest common factor of w and y?
6
Suppose -4*b + 43 + 21 = 0. What is the highest common factor of 32 and b?
16
Suppose 3*j + 2*b - 4 = -0*j, 2*b = -5*j. Let t(k) = 3*k**2 + 6*k + 4. Let f be t(j). What is the greatest common factor of 24 and f?
4
Suppose d + 0*d + 26 = 0. Let y = d - -41. What is the greatest common factor of y and 9?
3
Suppose 0 = -g - 3*k + 159, -k - 418 = -3*g + 89. Let a be ((-3)/4)/(2/(-56)). Calculate the highest common factor of g and a.
21
Suppose 5*c - 3 = 7. What is the greatest common divisor of 33 and c?
1
Suppose -323 = -12*q + 181. What is the greatest common divisor of 357 and q?
21
Suppose -55 = -3*c + 29. Let g = -3 + 8. Suppose -2*j - 155 = -4*j - g*o, -j - 5*o = -85. What is the highest common divisor of j and c?
14
Suppose p = 3*c - 34, 0*p + 5*p = -4*c + 58. Suppose 0 = 5*w + g - 10, 3*w - c = g + 2. What is the greatest common factor of 1 and w?
1
Let t = -8 - 82. Let u be -7 + (-62)/(-8) - t/8. Suppose 4*v = 2*v + 168. What is the highest common divisor of v and u?
12
Suppose -2 = -4*l + 58. What is the highest common factor of l and 480?
15
Suppose -2*u + 10 = r, 2*u - 22 = -3*r - 4. Suppose 356 = r*v - 2*c, -5*c = 3*v - 2*v - 100. Calculate the greatest common factor of v and 60.
30
Suppose 0 = -3*p + 4 + 29. Let x = 107 - 74. What is the greatest common divisor of p and x?
11
Suppose 15 = m + 11. Let k = 6 + m. What is the greatest common factor of k and 25?
5
Let y(m) = -43*m**3 - 12*m**2 - 2*m + 1. Let p be y(-1). Let d = -24 + 41. Calculate the highest common factor of d and p.
17
Let g = 526 + -172. What is the greatest common divisor of g and 6?
6
Let l = -1567 - -2035. What is the greatest common factor of l and 104?
52
Let p(w) = 4*w - 1. Let u = -28 - -33. Let s be p(u). What is the highest common factor of s and 209?
19
Suppose -2*r - 5*b = 23 - 82, 3*r + b = 56. Let z = r + -1. Let x be ((-24)/1)/(21 + -22). Calculate the greatest common factor of x and z.
8
Suppose -10 = -2*a - 0. Suppose 158 = 3*p - 0*p + k, -k - 250 = -a*p. Let u be 1*(-1)/((-3)/p). Calculate the greatest common factor of u and 51.
17
Let d be 6 + 0 + (0 - -3). Let p = -12 + d. Let o(f) = -7*f. Let s be o(p). What is the greatest common divisor of s and 231?
21
Suppose 60*s - 179 = 781. Let a = -40 + 104. What is the greatest common divisor of a and s?
16
Suppose 0 = 4*o - 2*k - 56 - 56, -12 = 3*k. Let l(d) = -3*d**3 - 4*d**2 - 11*d - 13. Let s be l(-3). Calculate the highest common factor of s and o.
13
Let q be (18/(-45))/((-2)/20). Suppose -45 = -4*v - 3*o, 1 = -5*v - 5*o + 56. Suppose 4*u - 36 = v. Calculate the highest common divisor of q and u.
4
Suppose -1650 = -82*d + 77*d. Calculate the greatest common divisor of 33 and d.
33
Let r(w) = w**3 - 10*w**2 + w + 3. Let i be r(10). Suppose 4*v + 1 = i. Suppose 2*l = -v*l + 30. Calculate the greatest common factor of l and 6.
6
Let m be 6/(-2 - (-75)/36). Suppose -5*n + 10 = 5. Let d = 7 + n. Calculate the highest common divisor of d and m.
8
Let m = -60 - -82. What is the greatest common factor of m and 55?
11
Suppose -18*d - 80 = -188. Calculate the greatest common factor of d and 54.
6
Let s = 46 - 42. Suppose 0 = s*x + 23 - 27. What is the greatest common div